{"id":2,"date":"2024-12-04T08:24:30","date_gmt":"2024-12-04T08:24:30","guid":{"rendered":"http:\/\/instalatorwp671.dkonto.pl\/?page_id=2"},"modified":"2025-01-23T11:10:55","modified_gmt":"2025-01-23T11:10:55","slug":"kontakt","status":"publish","type":"page","link":"http:\/\/foryou-bizuteria.pl\/index.php\/kontakt\/","title":{"rendered":"Kontakt"},"content":{"rendered":"\n<p>Zapraszamy do naszego stoiska mieszcz\u0105cego si\u0119 w Centrum Hurtowego &#8222;PTAK&#8221; w Rzgowie, przy ulicy Rzemie\u015blniczej 35.<\/p>\n\n\n\n<p>Nasze stoisko znajdziecie Pa\u0144stwo w Hali G, ulica 6 box 9.<\/p>\n\n\n\n<hr class=\"wp-block-separator has-alpha-channel-opacity\"\/>\n\n\n\n<h2 class=\"wp-block-heading has-text-align-center has-normal-font-size\">Godziny pracy<\/h2>\n\n\n\n<div class=\"wp-block-group is-vertical is-content-justification-center is-nowrap is-layout-flex wp-container-core-group-is-layout-857ef822 wp-block-group-is-layout-flex\">\n<p class=\"has-text-align-center\">Pon.-Pt.<br>7:00 &#8211; 14:00<\/p>\n\n\n\n<p class=\"has-text-align-center\" style=\"border-style:none;border-width:0px\">Sobota:<br>7:00 &#8211; 13:30<\/p>\n\n\n\n<p class=\"has-text-align-center\">Niedziele tylko pracuj\u0105ce:<br>7:00 &#8211; 13:30<\/p>\n<\/div>\n\n\n\n<p><\/p>\n","protected":false},"excerpt":{"rendered":"<p>Zapraszamy do naszego stoiska mieszcz\u0105cego si\u0119 w Centrum Hurtowego &#8222;PTAK&#8221; w Rzgowie, przy ulicy Rzemie\u015blniczej 35. Nasze stoisko znajdziecie Pa\u0144stwo w Hali G, ulica 6 box 9. Godziny pracy Pon.-Pt.7:00 &#8211; 14:00 Sobota:7:00 &#8211; 13:30 Niedziele tylko pracuj\u0105ce:7:00 &#8211; 13:30<\/p>\n","protected":false},"author":1,"featured_media":0,"parent":0,"menu_order":0,"comment_status":"closed","ping_status":"closed","template":"","meta":{"footnotes":""},"class_list":["post-2","page","type-page","status-publish","hentry"],"_links":{"self":[{"href":"http:\/\/foryou-bizuteria.pl\/index.php\/wp-json\/wp\/v2\/pages\/2","targetHints":{"allow":["GET"]}}],"collection":[{"href":"http:\/\/foryou-bizuteria.pl\/index.php\/wp-json\/wp\/v2\/pages"}],"about":[{"href":"http:\/\/foryou-bizuteria.pl\/index.php\/wp-json\/wp\/v2\/types\/page"}],"author":[{"embeddable":true,"href":"http:\/\/foryou-bizuteria.pl\/index.php\/wp-json\/wp\/v2\/users\/1"}],"replies":[{"embeddable":true,"href":"http:\/\/foryou-bizuteria.pl\/index.php\/wp-json\/wp\/v2\/comments?post=2"}],"version-history":[{"count":3,"href":"http:\/\/foryou-bizuteria.pl\/index.php\/wp-json\/wp\/v2\/pages\/2\/revisions"}],"predecessor-version":[{"id":72,"href":"http:\/\/foryou-bizuteria.pl\/index.php\/wp-json\/wp\/v2\/pages\/2\/revisions\/72"}],"wp:attachment":[{"href":"http:\/\/foryou-bizuteria.pl\/index.php\/wp-json\/wp\/v2\/media?parent=2"}],"curies":[{"name":"wp","href":"https:\/\/api.w.org\/{rel}","templated":true}]}}